{"id":5971,"date":"2021-10-28T20:44:52","date_gmt":"2021-10-28T20:44:52","guid":{"rendered":"https:\/\/royal-smile.pl\/?page_id=5971"},"modified":"2021-11-05T18:43:28","modified_gmt":"2021-11-05T18:43:28","slug":"5971-2","status":"publish","type":"page","link":"https:\/\/royal-smile.pl\/","title":{"rendered":"O NAS"},"content":{"rendered":"<p>[vc_row full_width=&#8221;stretch_row&#8221;][vc_column]<section class=\"m0 p0 cover fullscreen image-slider\" style=\"px\">\n\t\t\t\t\t<div class=\"carousel-one-item-fade main-slider owl-carousel owl-theme slides\"><div  id=\"slider-69e4a5c20620e\" class=\"header-slider item m0 image-bg p0 fullscreen \" ><div class=\"background-content\"><img loading=\"lazy\" decoding=\"async\" width=\"1400\" height=\"600\" src=\"https:\/\/royal-smile.pl\/wp-content\/uploads\/2021\/10\/1-5.png\" class=\"background-image\" alt=\"page-header\" srcset=\"https:\/\/royal-smile.pl\/wp-content\/uploads\/2021\/10\/1-5.png 1400w, https:\/\/royal-smile.pl\/wp-content\/uploads\/2021\/10\/1-5-300x129.png 300w, https:\/\/royal-smile.pl\/wp-content\/uploads\/2021\/10\/1-5-1024x439.png 1024w, https:\/\/royal-smile.pl\/wp-content\/uploads\/2021\/10\/1-5-768x329.png 768w\" sizes=\"(max-width: 1400px) 100vw, 1400px\" \/><div  class=\"background-overlay\"><\/div><\/div><div  class=\"container vertical-alignment item-content zoom-out \"><div class=\"row\"><div class=\"col-lg-12 col-lg-offset-0 col-md-10 col-md-offset-1 col-sm-12 text-left\"><h1 style=\"text-shadow:none;font-size:40px;line-height:50px;text-transform: none!important;\" class=\"heading-title-standard\">Royal Smile \u2013 ortodoncja przysz\u0142o\u015bci<\/h1><div style=\"text-shadow:none;text-transform: none!important;\" class=\"heading-content\"><p>Proste, bia\u0142e, idealne \u2013 o takich z\u0119bach marzysz? Mo\u017cesz je mie\u0107!<\/p>\n<\/div><div class=\"mt24 group-btn\"><a  id=\"btn-69e4a5c20620f\" class=\"btn-sm-sm m0 btn btn-filled  \" href= \"https:\/\/royal-smile.pl\/?page_id=6048\"  >UM\u00d3W SI\u0118 NA WIZYT\u0118<\/a><a  id=\"btn2-69e4a5c206211\" class=\"btn-sm-sm m0 btn  \" href= \"https:\/\/royal-smile.pl\/?page_id=6016\"  >DOWIED\u0179 SI\u0118 WI\u0118CEJ<\/a><div class=\"button-subtitle\" style=\"text-transform: none!important;;text-shadow:none;clear:both;font-size:14px!important;line-height:1;padding:20px 0 0 0!important;letter-spacing: 0!important;\"><\/div><\/div>\n                <\/div><\/div><\/div><\/div><div  id=\"slider-69e4a5c20652a\" class=\"header-slider item m0 image-bg p0 fullscreen \" ><div class=\"background-content\"><img loading=\"lazy\" decoding=\"async\" width=\"1920\" height=\"900\" src=\"https:\/\/royal-smile.pl\/wp-content\/uploads\/2021\/11\/Projekt-bez-tytulu-193.png\" class=\"background-image\" alt=\"page-header\" srcset=\"https:\/\/royal-smile.pl\/wp-content\/uploads\/2021\/11\/Projekt-bez-tytulu-193.png 1920w, https:\/\/royal-smile.pl\/wp-content\/uploads\/2021\/11\/Projekt-bez-tytulu-193-300x141.png 300w, https:\/\/royal-smile.pl\/wp-content\/uploads\/2021\/11\/Projekt-bez-tytulu-193-1024x480.png 1024w, https:\/\/royal-smile.pl\/wp-content\/uploads\/2021\/11\/Projekt-bez-tytulu-193-768x360.png 768w, https:\/\/royal-smile.pl\/wp-content\/uploads\/2021\/11\/Projekt-bez-tytulu-193-1536x720.png 1536w\" sizes=\"(max-width: 1920px) 100vw, 1920px\" \/><div  class=\"background-overlay\"><\/div><\/div><div  class=\"container vertical-alignment item-content zoom-out \"><div class=\"row\"><div class=\"col-lg-12 col-lg-offset-0 col-md-10 col-md-offset-1 col-sm-12 text-left\"><h1 style=\"text-shadow:none;font-size:40px;line-height:50px;text-transform: none!important;\" class=\"heading-title-standard\">APARAT NAK\u0141ADKOWY<\/h1><div style=\"text-shadow:none;text-transform: none!important;\" class=\"heading-content\"><p>Wyobra\u017a sobie, \u017ce\u00a0aparat idealnie dopasowuje si\u0119 do\u00a0twoich z\u0119b\u00f3w, a\u00a0pierwsze efekty leczenia widzisz ju\u017c po\u00a090 dniach.<\/p>\n<\/div><div class=\"mt24 group-btn\"><a  id=\"btn-69e4a5c20652b\" class=\"btn-sm-sm m0 btn btn-filled  \" href= \"https:\/\/royal-smile.pl\/?page_id=6048\"  >UM\u00d3W SI\u0118 NA WIZYT\u0118<\/a><a  id=\"btn2-69e4a5c20652d\" class=\"btn-sm-sm m0 btn  \" href= \"https:\/\/royal-smile.pl\/?page_id=6016\"  >DOWIED\u0179 SI\u0118 WI\u0118CEJ<\/a><div class=\"button-subtitle\" style=\"text-transform: none!important;;text-shadow:none;clear:both;font-size:14px!important;line-height:1;padding:20px 0 0 0!important;letter-spacing: 0!important;\"><\/div><\/div>\n                <\/div><\/div><\/div><\/div><div  id=\"slider-69e4a5c2067e7\" class=\"header-slider item m0 image-bg p0 fullscreen \" ><div class=\"background-content\"><img loading=\"lazy\" decoding=\"async\" width=\"1920\" height=\"900\" src=\"https:\/\/royal-smile.pl\/wp-content\/uploads\/2021\/10\/Projekt-bez-tytulu-185.png\" class=\"background-image\" alt=\"page-header\" srcset=\"https:\/\/royal-smile.pl\/wp-content\/uploads\/2021\/10\/Projekt-bez-tytulu-185.png 1920w, https:\/\/royal-smile.pl\/wp-content\/uploads\/2021\/10\/Projekt-bez-tytulu-185-300x141.png 300w, https:\/\/royal-smile.pl\/wp-content\/uploads\/2021\/10\/Projekt-bez-tytulu-185-1024x480.png 1024w, https:\/\/royal-smile.pl\/wp-content\/uploads\/2021\/10\/Projekt-bez-tytulu-185-768x360.png 768w, https:\/\/royal-smile.pl\/wp-content\/uploads\/2021\/10\/Projekt-bez-tytulu-185-1536x720.png 1536w\" sizes=\"(max-width: 1920px) 100vw, 1920px\" \/><div  class=\"background-overlay\"><\/div><\/div><div  class=\"container vertical-alignment item-content zoom-out \"><div class=\"row\"><div class=\"col-lg-12 col-lg-offset-0 col-md-10 col-md-offset-1 col-sm-12 text-left\"><h1 style=\"text-shadow:none;font-size:40px;line-height:50px;text-transform: none!important;\" class=\"heading-title-standard\">LIC\u00d3WKI<\/h1><div style=\"text-shadow:none;text-transform: none!important;\" class=\"heading-content\"><p>Zaprojektuj u\u015bmiech twoich marze\u0144.<\/p>\n<\/div><div class=\"mt24 group-btn\"><a  id=\"btn-69e4a5c2067e8\" class=\"btn-sm-sm m0 btn btn-filled  \" href= \"https:\/\/royal-smile.pl\/?page_id=6048\"  >UM\u00d3W SI\u0118 NA WIZYT\u0118<\/a><a  id=\"btn2-69e4a5c2067ea\" class=\"btn-sm-sm m0 btn  \" href= \"https:\/\/royal-smile.pl\/?page_id=6021\"  >DOWIED\u0179 SI\u0118 WI\u0118CEJ<\/a><div class=\"button-subtitle\" style=\"text-transform: none!important;;text-shadow:none;clear:both;font-size:14px!important;line-height:1;padding:20px 0 0 0!important;letter-spacing: 0!important;\"><\/div><\/div>\n                <\/div><\/div><\/div><\/div><div  id=\"slider-69e4a5c206a81\" class=\"header-slider item m0 image-bg p0 fullscreen \" ><div class=\"background-content\"><img loading=\"lazy\" decoding=\"async\" width=\"1920\" height=\"900\" src=\"https:\/\/royal-smile.pl\/wp-content\/uploads\/2021\/10\/Projekt-bez-tytulu-190.png\" class=\"background-image\" alt=\"page-header\" srcset=\"https:\/\/royal-smile.pl\/wp-content\/uploads\/2021\/10\/Projekt-bez-tytulu-190.png 1920w, https:\/\/royal-smile.pl\/wp-content\/uploads\/2021\/10\/Projekt-bez-tytulu-190-300x141.png 300w, https:\/\/royal-smile.pl\/wp-content\/uploads\/2021\/10\/Projekt-bez-tytulu-190-1024x480.png 1024w, https:\/\/royal-smile.pl\/wp-content\/uploads\/2021\/10\/Projekt-bez-tytulu-190-768x360.png 768w, https:\/\/royal-smile.pl\/wp-content\/uploads\/2021\/10\/Projekt-bez-tytulu-190-1536x720.png 1536w\" sizes=\"(max-width: 1920px) 100vw, 1920px\" \/><div  class=\"background-overlay\"><\/div><\/div><div  class=\"container vertical-alignment item-content zoom-out \"><div class=\"row\"><div class=\"col-lg-12 col-lg-offset-0 col-md-10 col-md-offset-1 col-sm-12 text-left\"><h1 style=\"text-shadow:none;font-size:40px;line-height:50px;text-transform: none!important;\" class=\"heading-title-standard\">WYBIELANIE<\/h1><div style=\"text-shadow:none;text-transform: none!important;\" class=\"heading-content\"><p>\u015anie\u017cna biel od r\u0119ki<\/p>\n<\/div><div class=\"mt24 group-btn\"><a  id=\"btn-69e4a5c206a82\" class=\"btn-sm-sm m0 btn btn-filled  \" href= \"https:\/\/royal-smile.pl\/?page_id=6048\"  >UM\u00d3W SI\u0118 NA WIZYT\u0118<\/a><a  id=\"btn2-69e4a5c206a84\" class=\"btn-sm-sm m0 btn  \" href= \"https:\/\/royal-smile.pl\/?page_id=6026\"  >DOWIED\u0179 SI\u0118 WI\u0118CEJ<\/a><div class=\"button-subtitle\" style=\"text-transform: none!important;;text-shadow:none;clear:both;font-size:14px!important;line-height:1;padding:20px 0 0 0!important;letter-spacing: 0!important;\"><\/div><\/div>\n                <\/div><\/div><\/div><\/div><\/div>\n\t\t\t\t<\/section>[\/vc_column][\/vc_row][vc_row][vc_column width=&#8221;1\/2&#8243;][vc_single_image image=&#8221;5988&#8243; img_size=&#8221;large&#8221;][\/vc_column][vc_column width=&#8221;1\/2&#8243; css=&#8221;.vc_custom_1635087219455{margin-bottom: 0px !important;border-bottom-width: 0px !important;padding-bottom: 0px !important;}&#8221;][vc_column_text css=&#8221;.vc_custom_1636115614794{margin-top: 0px !important;border-top-width: 0px !important;padding-top: 0px !important;}&#8221;]<\/p>\n<h3><span style=\"color: #dcc19b;\">Nak\u0142adki ortodontyczne<\/span><\/h3>\n<p>[\/vc_column_text][vc_column_text css=&#8221;.vc_custom_1635087249936{margin-top: 0px !important;border-top-width: 0px !important;padding-top: 0px !important;}&#8221;]Dzi\u0119ki nak\u0142adkom ortodontycznym najlepszej jako\u015bci ju\u017c po kilku tygodniach mo\u017cesz cieszy\u0107 si\u0119 pierwszymi widocznymi wynikami. Jednocze\u015bnie aparat jest wyj\u0105tkowo wygodny i dyskretny, dzi\u0119ki czemu nikt nie b\u0119dzie wiedzie\u0107, \u017ce z niego korzystasz.[\/vc_column_text]<div class=\" text-left\"><a style=\"color:#565656;background:transparent;border-color:#dcc19b;\" id=\"btn-69e4a5c206d0e\" class=\"btn    btn-sm-sm\" href= \"https:\/\/royal-smile.pl\/?page_id=6016\" target=\"_self\" >DOWIED\u0179 SI\u0118 WIECEJ<\/a><\/div><script type=\"text\/javascript\">jQuery(document).ready(function(){jQuery('head').append('<style type=\"text\/css\" id=\"tlg-custom-css-btn-69e4a5c206d0e\">#btn-69e4a5c206d0e:hover{color:#565656!important;background:transparent!important;border-color:#dcc19b!important;}<\/style>');});<\/script>[\/vc_column][\/vc_row][vc_row][vc_column width=&#8221;1\/2&#8243;][vc_column_text css=&#8221;.vc_custom_1636115627946{margin-top: 0px !important;border-top-width: 0px !important;padding-top: 0px !important;}&#8221;]<\/p>\n<h3><span style=\"color: #dcc19b;\">Porcelanowe lic\u00f3wki<\/span><\/h3>\n<p>[\/vc_column_text][vc_column_text]Royal Smile to r\u00f3wnie\u017c projektowanie wymarzonego u\u015bmiechu przy u\u017cyciu porcelanowych lic\u00f3wek oraz \u015bnie\u017cna biel z\u0119b\u00f3w, dzi\u0119ki specjalnemu systemowi wybielania.[\/vc_column_text]<div class=\" text-left\"><a style=\"color:#565656;background:transparent;border-color:#dcc19b;\" id=\"btn-69e4a5c206d2e\" class=\"btn    btn-sm-sm\" href= \"https:\/\/royal-smile.pl\/?page_id=6021\" target=\"_self\" >DOWIED\u0179 SI\u0118 WIECEJ<\/a><\/div><script type=\"text\/javascript\">jQuery(document).ready(function(){jQuery('head').append('<style type=\"text\/css\" id=\"tlg-custom-css-btn-69e4a5c206d2e\">#btn-69e4a5c206d2e:hover{color:#565656!important;background:transparent!important;border-color:#dcc19b!important;}<\/style>');});<\/script>[\/vc_column][vc_column width=&#8221;1\/2&#8243;][vc_single_image image=&#8221;5987&#8243; img_size=&#8221;large&#8221;][\/vc_column][\/vc_row][vc_row css=&#8221;.vc_custom_1635093501503{margin-top: 0px !important;margin-bottom: 0px !important;border-top-width: 0px !important;border-bottom-width: 0px !important;padding-top: 0px !important;padding-bottom: 0px !important;}&#8221;][vc_column width=&#8221;1\/4&#8243;][\/vc_column][vc_column width=&#8221;1\/2&#8243;][vc_column_text]<\/p>\n<p style=\"text-align: center;\"><img loading=\"lazy\" decoding=\"async\" class=\"size-medium wp-image-6083 aligncenter\" src=\"https:\/\/royal-smile.pl\/wp-content\/uploads\/2021\/11\/strzalka-5-300x43.png\" alt=\"\" width=\"300\" height=\"43\" srcset=\"https:\/\/royal-smile.pl\/wp-content\/uploads\/2021\/11\/strzalka-5-300x43.png 300w, https:\/\/royal-smile.pl\/wp-content\/uploads\/2021\/11\/strzalka-5.png 350w\" sizes=\"(max-width: 300px) 100vw, 300px\" \/>Dos\u0142ownie. Wystarczy, \u017ce si\u0119gniesz po sw\u00f3j telefoni za pomoc\u0105 aplikacji um\u00f3wisz si\u0119 na skanowanie z\u0119b\u00f3w, z kt\u00f3rego skorzystasz w dogodnym punkcie,\u00a0w najmodniejszych lokalizacjach miasta.<img loading=\"lazy\" decoding=\"async\" class=\"size-medium wp-image-6083 aligncenter\" src=\"https:\/\/royal-smile.pl\/wp-content\/uploads\/2021\/11\/strzalka-5-300x43.png\" alt=\"\" width=\"300\" height=\"43\" srcset=\"https:\/\/royal-smile.pl\/wp-content\/uploads\/2021\/11\/strzalka-5-300x43.png 300w, https:\/\/royal-smile.pl\/wp-content\/uploads\/2021\/11\/strzalka-5.png 350w\" sizes=\"(max-width: 300px) 100vw, 300px\" \/><\/p>\n<p>[\/vc_column_text][\/vc_column][vc_column width=&#8221;1\/4&#8243;][\/vc_column][\/vc_row][vc_row][vc_column width=&#8221;1\/2&#8243;][vc_column_text]<\/p>\n<h3><span style=\"color: #dcc19b;\">JAK TO DZIA\u0141A?<img loading=\"lazy\" decoding=\"async\" class=\"alignnone size-medium wp-image-6083\" src=\"https:\/\/royal-smile.pl\/wp-content\/uploads\/2021\/11\/strzalka-5-300x43.png\" alt=\"\" width=\"300\" height=\"43\" srcset=\"https:\/\/royal-smile.pl\/wp-content\/uploads\/2021\/11\/strzalka-5-300x43.png 300w, https:\/\/royal-smile.pl\/wp-content\/uploads\/2021\/11\/strzalka-5.png 350w\" sizes=\"(max-width: 300px) 100vw, 300px\" \/><\/span><\/h3>\n<p>[\/vc_column_text][vc_column_text]<\/p>\n<h3><img loading=\"lazy\" decoding=\"async\" class=\"wp-image-5979 alignleft\" src=\"https:\/\/royal-smile.pl\/wp-content\/uploads\/2021\/10\/1.png\" alt=\"\" width=\"50\" height=\"50\" srcset=\"https:\/\/royal-smile.pl\/wp-content\/uploads\/2021\/10\/1.png 200w, https:\/\/royal-smile.pl\/wp-content\/uploads\/2021\/10\/1-150x150.png 150w, https:\/\/royal-smile.pl\/wp-content\/uploads\/2021\/10\/1-60x60.png 60w\" sizes=\"(max-width: 50px) 100vw, 50px\" \/><br \/>\nUm\u00f3w wizyt\u0119<\/h3>\n<p>Um\u00f3w wizyt\u0119 w specjalnej aplikacji Royal Smile[\/vc_column_text][vc_column_text]<\/p>\n<h3><img loading=\"lazy\" decoding=\"async\" class=\"wp-image-5980 alignleft\" src=\"https:\/\/royal-smile.pl\/wp-content\/uploads\/2021\/10\/2.png\" alt=\"\" width=\"50\" height=\"50\" srcset=\"https:\/\/royal-smile.pl\/wp-content\/uploads\/2021\/10\/2.png 200w, https:\/\/royal-smile.pl\/wp-content\/uploads\/2021\/10\/2-150x150.png 150w, https:\/\/royal-smile.pl\/wp-content\/uploads\/2021\/10\/2-60x60.png 60w\" sizes=\"(max-width: 50px) 100vw, 50px\" \/><br \/>\n3D skanowanie z\u0119b\u00f3w i konsultacja<\/h3>\n<p>Skorzystaj ze\u00a0skanowania z\u0119b\u00f3w\u00a0w\u00a0technologii 3D\u00a0po\u0142\u0105czonego z\u00a0konsultacj\u0105 z\u00a0jednym z\u00a0naszych specjalist\u00f3w[\/vc_column_text][vc_column_text]<\/p>\n<h3><img loading=\"lazy\" decoding=\"async\" class=\"wp-image-5981 alignleft\" src=\"https:\/\/royal-smile.pl\/wp-content\/uploads\/2021\/10\/3.png\" alt=\"\" width=\"50\" height=\"50\" srcset=\"https:\/\/royal-smile.pl\/wp-content\/uploads\/2021\/10\/3.png 200w, https:\/\/royal-smile.pl\/wp-content\/uploads\/2021\/10\/3-150x150.png 150w, https:\/\/royal-smile.pl\/wp-content\/uploads\/2021\/10\/3-60x60.png 60w\" sizes=\"(max-width: 50px) 100vw, 50px\" \/><br \/>\nIndywidualny plan<\/h3>\n<p>Om\u00f3w indywidualny plan korekty u\u015bmiechu z lekarzem[\/vc_column_text][vc_column_text]<\/p>\n<h3><img loading=\"lazy\" decoding=\"async\" class=\"wp-image-5984 alignleft\" src=\"https:\/\/royal-smile.pl\/wp-content\/uploads\/2021\/10\/O1-4.png\" alt=\"\" width=\"53\" height=\"53\" srcset=\"https:\/\/royal-smile.pl\/wp-content\/uploads\/2021\/10\/O1-4.png 200w, https:\/\/royal-smile.pl\/wp-content\/uploads\/2021\/10\/O1-4-150x150.png 150w, https:\/\/royal-smile.pl\/wp-content\/uploads\/2021\/10\/O1-4-60x60.png 60w\" sizes=\"(max-width: 53px) 100vw, 53px\" \/><br \/>\nZacznij ju\u017c dzi\u015b!<\/h3>\n<p>Skorzystaj z ratalnego systemu p\u0142atno\u015bci i zam\u00f3w produkty[\/vc_column_text][\/vc_column][vc_column width=&#8221;1\/2&#8243;][vc_single_image image=&#8221;5982&#8243; img_size=&#8221;full&#8221;][\/vc_column][\/vc_row][vc_row][vc_column width=&#8221;1\/2&#8243;][vc_single_image image=&#8221;5978&#8243; img_size=&#8221;full&#8221; style=&#8221;vc_box_shadow&#8221;][\/vc_column][vc_column width=&#8221;1\/2&#8243;]<div class=\"headings-title \"><div class=\"mb70 mb-xs-40 text-center\"><\/div><\/div>[vc_column_text]<strong>Rozwa\u017casz powi\u0119kszenie ust kwasem hialuronowym?<\/strong> A mo\u017ce planujesz wype\u0142nienie wybranych partii twarzy by poprawi\u0107 jej wygl\u0105d?[\/vc_column_text][vc_column_text]<strong>Zacznij od z\u0119b\u00f3w!<\/strong> Prawid\u0142owy zgryz to nie tylko wa\u017cny element estetyki twarzy sam w sobie. To on odpowiada za utrzymanie jej odpowiednich proporcji i symetrii. Dlatego poprzez prostowanie z\u0119b\u00f3w lub wykorzystanie lic\u00f3wek <strong>mo\u017cemy przywr\u00f3ci\u0107 twarzy \u0142adne rysy,<\/strong> zw\u0142aszcza w zakresie jej \u015brodkowej cz\u0119\u015bci, podbr\u00f3dka oraz linii \u017cuchwy.[\/vc_column_text][vc_column_text]W ten spos\u00f3b uzyskasz atrakcyjny, m\u0142odzie\u0144czy wygl\u0105d oraz prawid\u0142owy profil, dzi\u0119ki kt\u00f3rym wyjdziesz \u015bwietnie na ka\u017cdym zdj\u0119ciu. Pami\u0119taj tak\u017ce, \u017ce idealny u\u015bmiech wp\u0142ynie tak\u017ce na twoj\u0105 pewno\u015b\u0107 siebie.[\/vc_column_text]<div class=\" text-left\"><a style=\"color:#ffffff;background:#dcc19b;border-color:#dcc19b;\" id=\"btn-69e4a5c206d5a\" class=\"btn    btn-sm-sm\" href= \"https:\/\/royal-smile.pl\/?page_id=6048\" target=\"_self\" >UM\u00d3W SI\u0118 NA WIZYT\u0118<\/a><\/div><script type=\"text\/javascript\">jQuery(document).ready(function(){jQuery('head').append('<style type=\"text\/css\" id=\"tlg-custom-css-btn-69e4a5c206d5a\">#btn-69e4a5c206d5a:hover{color:#ffffff!important;background:#dcc19b!important;border-color:#dcc19b!important;}<\/style>');});<\/script>[\/vc_column][\/vc_row][vc_row][vc_column][vc_single_image image=&#8221;5976&#8243; img_size=&#8221;large&#8221; alignment=&#8221;center&#8221;][\/vc_column][\/vc_row][vc_row css=&#8221;.vc_custom_1635105943218{margin-top: 0px !important;margin-bottom: 0px !important;border-top-width: 0px !important;border-bottom-width: 0px !important;padding-top: 0px !important;padding-bottom: 0px !important;}&#8221;][vc_column]<div class=\"headings-title \"><div class=\"mb70 mb-xs-40 text-center\"><h4 style=\"text-transform: uppercase!important;\" class=\"widgettitle\">LOKALIZACJA<\/h4><\/div><\/div>[\/vc_column][\/vc_row][vc_row css=&#8221;.vc_custom_1635108146942{margin-top: 0px !important;margin-left: 20px !important;border-top-width: 0px !important;border-left-width: 20px !important;padding-top: 0px !important;padding-left: 40px !important;}&#8221;][vc_column width=&#8221;1\/2&#8243;][vc_single_image image=&#8221;5977&#8243; img_size=&#8221;full&#8221;][\/vc_column][vc_column width=&#8221;1\/2&#8243;][vc_column_text]Wola, Krochmalna 56, U5<br \/>\n00-864 Warszawa[\/vc_column_text][vc_column_text]<img loading=\"lazy\" decoding=\"async\" class=\"wp-image-6072 alignleft\" src=\"https:\/\/royal-smile.pl\/wp-content\/uploads\/2021\/11\/Phone.png\" alt=\"\" width=\"28\" height=\"28\" srcset=\"https:\/\/royal-smile.pl\/wp-content\/uploads\/2021\/11\/Phone.png 121w, https:\/\/royal-smile.pl\/wp-content\/uploads\/2021\/11\/Phone-60x60.png 60w\" sizes=\"(max-width: 28px) 100vw, 28px\" \/>+ 48 690 196 016[\/vc_column_text]<div class=\"tlg-spacer  \" data-height=\"1\" data-height-tablet=\"1\" data-height-mobile=\"1\" style=\"clear:both;display:block;height:1px;\"><\/div>[vc_column_text]<img loading=\"lazy\" decoding=\"async\" class=\"wp-image-6072 alignleft\" src=\"https:\/\/royal-smile.pl\/wp-content\/uploads\/2021\/11\/Phone.png\" alt=\"\" width=\"28\" height=\"28\" srcset=\"https:\/\/royal-smile.pl\/wp-content\/uploads\/2021\/11\/Phone.png 121w, https:\/\/royal-smile.pl\/wp-content\/uploads\/2021\/11\/Phone-60x60.png 60w\" sizes=\"(max-width: 28px) 100vw, 28px\" \/>22 525 15 20[\/vc_column_text]<div class=\"tlg-spacer  \" data-height=\"10\" data-height-tablet=\"10\" data-height-mobile=\"10\" style=\"clear:both;display:block;height:10px;\"><\/div>[vc_column_text]GODZINY OTWARCIA[\/vc_column_text][vc_column_text]<\/p>\n<div>Pon-pt: 10:00 &#8211; 20:00<\/div>\n<div>Sobota: 10:00 &#8211; 15:00<\/div>\n<p>[\/vc_column_text]<div class=\"tlg-spacer  \" data-height=\"10\" data-height-tablet=\"10\" data-height-mobile=\"10\" style=\"clear:both;display:block;height:10px;\"><\/div>[vc_column_text]<\/p>\n<h4>Jak nas znale\u017a\u0107?<\/h4>\n<p>[\/vc_column_text]<div class=\" text-left\"><a style=\"color:#565656;background:transparent;border-color:#dcc19b;\" id=\"btn-69e4a5c206d92\" class=\"btn    btn-sm-sm\" href= \"https:\/\/www.google.com\/maps\/place\/Krochmalna+56,+00-864+Warszawa\/@52.2356303,20.9843771,17z\/data=!3m1!4b1!4m5!3m4!1s0x471ecc8405b91b8b:0xa71de04f351d6be1!8m2!3d52.2356303!4d20.9865658\" target='_blank' >ZOBACZ MAP\u0118<\/a><\/div><script type=\"text\/javascript\">jQuery(document).ready(function(){jQuery('head').append('<style type=\"text\/css\" id=\"tlg-custom-css-btn-69e4a5c206d92\">#btn-69e4a5c206d92:hover{color:#565656!important;background:transparent!important;border-color:#dcc19b!important;}<\/style>');});<\/script>[\/vc_column][\/vc_row][vc_row][vc_column width=&#8221;1\/6&#8243;]<div class=\"tlg-spacer  \" data-height=\"10\" data-height-tablet=\"10\" data-height-mobile=\"5\" style=\"clear:both;display:block;height:10px;\"><\/div>[\/vc_column][vc_column width=&#8221;2\/3&#8243; css=&#8221;.vc_custom_1635270711358{margin-top: 0px !important;margin-right: 0px !important;margin-bottom: 0px !important;margin-left: 0px !important;border-top-width: 0px !important;border-right-width: 10px !important;border-bottom-width: 0px !important;border-left-width: 10px !important;padding-top: 10px !important;padding-right: 10px !important;padding-bottom: 10px !important;padding-left: 10px !important;background-color: #ededed !important;background-position: center !important;background-repeat: no-repeat !important;background-size: contain !important;border-left-color: #ededed !important;border-left-style: dotted !important;border-right-color: #ededed !important;border-right-style: dotted !important;border-top-color: #ededed !important;border-top-style: dotted !important;border-bottom-color: #ededed !important;border-bottom-style: dotted !important;}&#8221;]<div class=\"headings-title \"><div class=\"mb70 mb-xs-40 text-center\"><h4 style=\"font-size:20px;line-height:30px;text-transform: uppercase!important;\" class=\"widgettitle\">UM\u00d3W SI\u0118 NA WIZYT\u0118<\/h4><\/div><\/div><div role=\"form\" class=\"wpcf7\" id=\"wpcf7-f6-o1\" lang=\"pl-PL\" dir=\"ltr\">\n<div class=\"screen-reader-response\"><p role=\"status\" aria-live=\"polite\" aria-atomic=\"true\"><\/p> <ul><\/ul><\/div>\n<form action=\"\/index.php?rest_route=%2Fwp%2Fv2%2Fpages%2F5971#wpcf7-f6-o1\" method=\"post\" class=\"wpcf7-form init\" novalidate=\"novalidate\" data-status=\"init\">\n<div style=\"display: none;\">\n<input type=\"hidden\" name=\"_wpcf7\" value=\"6\" \/>\n<input type=\"hidden\" name=\"_wpcf7_version\" value=\"5.5.2\" \/>\n<input type=\"hidden\" name=\"_wpcf7_locale\" value=\"pl_PL\" \/>\n<input type=\"hidden\" name=\"_wpcf7_unit_tag\" value=\"wpcf7-f6-o1\" \/>\n<input type=\"hidden\" name=\"_wpcf7_container_post\" value=\"0\" \/>\n<input type=\"hidden\" name=\"_wpcf7_posted_data_hash\" value=\"\" \/>\n<\/div>\n<p><label> Twoje imi\u0119 i nazwisko<br \/>\n    <span class=\"wpcf7-form-control-wrap your-name\"><input type=\"text\" name=\"your-name\" value=\"\" size=\"40\" class=\"wpcf7-form-control wpcf7-text wpcf7-validates-as-required\" aria-required=\"true\" aria-invalid=\"false\" \/><\/span> <\/label><\/p>\n<p><label> Tw\u00f3j adres e-mail<br \/>\n    <span class=\"wpcf7-form-control-wrap your-email\"><input type=\"email\" name=\"your-email\" value=\"\" size=\"40\" class=\"wpcf7-form-control wpcf7-text wpcf7-email wpcf7-validates-as-required wpcf7-validates-as-email\" aria-required=\"true\" aria-invalid=\"false\" \/><\/span> <\/label><\/p>\n<p><label> Temat<br \/>\n    <span class=\"wpcf7-form-control-wrap your-subject\"><input type=\"text\" name=\"your-subject\" value=\"\" size=\"40\" class=\"wpcf7-form-control wpcf7-text wpcf7-validates-as-required\" aria-required=\"true\" aria-invalid=\"false\" \/><\/span> <\/label><\/p>\n<p><label> Twoja wiadomo\u015bci (opcjonalne)<br \/>\n    <span class=\"wpcf7-form-control-wrap your-message\"><textarea name=\"your-message\" cols=\"40\" rows=\"10\" class=\"wpcf7-form-control wpcf7-textarea\" aria-invalid=\"false\"><\/textarea><\/span> <\/label><br \/>\n<label> data wizyty<br \/>\n<span class=\"wpcf7-form-control-wrap date-563\"><input type=\"date\" name=\"date-563\" value=\"\" class=\"wpcf7-form-control wpcf7-date wpcf7-validates-as-date\" aria-invalid=\"false\" \/><\/span> <\/label><\/p>\n<p><input type=\"submit\" value=\"Wy\u015blij\" class=\"wpcf7-form-control has-spinner wpcf7-submit\" \/><\/p>\n<div class=\"wpcf7-response-output\" aria-hidden=\"true\"><\/div><\/form><\/div><div class=\"tlg-spacer  \" data-height=\"10\" data-height-tablet=\"10\" data-height-mobile=\"10\" style=\"clear:both;display:block;height:10px;\"><\/div>[\/vc_column][vc_column width=&#8221;1\/6&#8243;][\/vc_column][\/vc_row]<\/p>\n","protected":false},"excerpt":{"rendered":"<p>[vc_row full_width=&#8221;stretch_row&#8221;][vc_column][\/vc_column][\/vc_row][vc_row][vc_column width=&#8221;1\/2&#8243;][vc_single_image image=&#8221;5988&#8243; img_size=&#8221;large&#8221;][\/vc_column][vc_column width=&#8221;1\/2&#8243; css=&#8221;.vc_custom_1635087219455{margin-bottom: 0px !important;border-bottom-width: 0px !important;padding-bottom: 0px !important;}&#8221;][vc_column_text css=&#8221;.vc_custom_1636115614794{margin-top: 0px !important;border-top-width: 0px !important;padding-top: 0px !important;}&#8221;] Nak\u0142adki ortodontyczne [\/vc_column_text][vc_column_text css=&#8221;.vc_custom_1635087249936{margin-top: 0px !important;border-top-width: 0px !important;padding-top: 0px !important;}&#8221;]Dzi\u0119ki nak\u0142adkom ortodontycznym najlepszej jako\u015bci ju\u017c po kilku tygodniach mo\u017cesz cieszy\u0107 si\u0119 pierwszymi widocznymi wynikami. Jednocze\u015bnie aparat jest wyj\u0105tkowo wygodny i dyskretny, dzi\u0119ki czemu nikt nie&#8230;<\/p>\n","protected":false},"author":1,"featured_media":0,"parent":0,"menu_order":0,"comment_status":"closed","ping_status":"closed","template":"","meta":{"footnotes":""},"class_list":["post-5971","page","type-page","status-publish","hentry"],"_links":{"self":[{"href":"https:\/\/royal-smile.pl\/index.php?rest_route=\/wp\/v2\/pages\/5971"}],"collection":[{"href":"https:\/\/royal-smile.pl\/index.php?rest_route=\/wp\/v2\/pages"}],"about":[{"href":"https:\/\/royal-smile.pl\/index.php?rest_route=\/wp\/v2\/types\/page"}],"author":[{"embeddable":true,"href":"https:\/\/royal-smile.pl\/index.php?rest_route=\/wp\/v2\/users\/1"}],"replies":[{"embeddable":true,"href":"https:\/\/royal-smile.pl\/index.php?rest_route=%2Fwp%2Fv2%2Fcomments&post=5971"}],"version-history":[{"count":15,"href":"https:\/\/royal-smile.pl\/index.php?rest_route=\/wp\/v2\/pages\/5971\/revisions"}],"predecessor-version":[{"id":6102,"href":"https:\/\/royal-smile.pl\/index.php?rest_route=\/wp\/v2\/pages\/5971\/revisions\/6102"}],"wp:attachment":[{"href":"https:\/\/royal-smile.pl\/index.php?rest_route=%2Fwp%2Fv2%2Fmedia&parent=5971"}],"curies":[{"name":"wp","href":"https:\/\/api.w.org\/{rel}","templated":true}]}}